 + 17 = 4*d - d. Suppose r*q = 3*q + 5. What is the remainder when q is divided by 3?
2
Suppose 3*h + 4*s + 21 - 46 = 0, -4*h + 33 = 5*s. Calculate the remainder when (-4)/18 - 110/(-9) is divided by h.
5
Let d(i) = i + 11. Let z be d(-8). Suppose z*r = 5*l - 2*r - 30, -2*l - 13 = 3*r. Suppose -g + 17 = l. What is the remainder when 31 is divided by g?
15
Let y = -10 - -14. Suppose 4*d + 4 = -2*k - 2*k, 4*k = -2*d - 8. What is the remainder when y is divided by d?
0
Let j be -3 - 5*(2 - 3). Suppose -j*c = c - 3*s, -5 = -s. What is the remainder when 7 is divided by c?
2
Suppose 3*s = -2*l + 13, -2*s = -4*l + 3*s + 15. Suppose 0 = -4*d - y - 0*y + 35, -5 = -d - 4*y. Calculate the remainder when d is divided by l.
4
Let q(y) = -2*y - 24. Let p(c) = c**2 - 16*c + 9. Let l be p(14). Let o = -5 - -44. Calculate the remainder when o is divided by q(l).
11
Suppose 3*q + 4 + 5 = 0. Let d = -22 - -68. Calculate the remainder when d is divided by 1/q + (-392)/(-24).
14
Let k be 11/33 - 1388/6. Calculate the remainder when (k/28)/(6/(-16)) is divided by 8.
6
Suppose -16*k = -11*k - 130. Suppose 4*h - 66 = k. What is the remainder when h is divided by 12?
11
Suppose -4*u + 2 = 3*r - 3*u, u = 4*r + 2. Suppose r = w - 2 - 0. Suppose w*h + 4 = 22. Calculate the remainder when h is divided by 5.
4
Suppose 0 = -2*f - 2*m - 5 + 25, -4*f - 5*m = -39. What is the remainder when 4/(-6) + (-236)/(-12) is divided by f?
8
Let h(d) = -8*d**2. Let j be h(-1). Let m = j - -45. Suppose -x + 2 = -11. Calculate the remainder when m is divided by x.
11
Let m(q) = q**2 - 3*q - 5. Suppose 5*k + 3*s - 21 = 0, -3*k + 3*s + 0*s + 27 = 0. Let i(f) = 51*f. What is the remainder when i(1) is divided by m(k)?
12
Let x(s) = s**2 + 2*s + 2. Let q be x(-2). Suppose q = k - 2. Calculate the remainder when 9 is divided by k.
1
Suppose -n + 50 = 4*n. Calculate the remainder when n is divided by 7.
3
Let s = 9 + -7. Suppose -16 = -n + 5*n. What is the remainder when 16 is divided by (s/n)/(1/(-18))?
7
Let z(u) = 3*u**2 + 2*u + 1. Calculate the remainder when 16 is divided by z(-2).
7
Let r(a) = a + 9. Let m be r(-5). Suppose m*y = 63 + 89. What is the remainder when y is divided by 13?
12
Suppose y + 0 = 1. Let j be 3/(-2) - (-3)/(-6). Let n = 4 + j. What is the remainder when n is divided by y?
0
Let c be 2/(1 + 27/(-30)). Calculate the remainder when (30/c)/((-6)/(-128)) is divided by 11.
10
Suppose -4*n + f + 0*f + 82 = 0, 3*n - 2*f = 59. Let q(o) be the third derivative of o**5/15 + 2*o**3/3 + o**2. What is the remainder when q(3) is divided by n?
19
Let k(o) = o**2 - 5*o + 4. Let a be k(7). Let u = a - 36. Let g = 29 + u. Calculate the remainder when 32 is divided by g.
10
Let i = -8 - -6. What is the remainder when 26 is divided by ((-22)/(-33))/(i/(-42))?
12
Let d = 1 - 2. Suppose -3*s + 8*s = 4*c - 195, 2*c = s + 99. Calculate the remainder when c is divided by d/(-2)*(37 - 3).
16
Suppose 4*p + 2*f - 614 = -p, 0 = 2*f - 4. Suppose -q = q - p. What is the remainder when q is divided by 21?
19
Let f = 26 - 18. What is the remainder when 19 is divided by f?
3
Let q(v) = v**2 - 12*v + 10. Let d(i) = i**3 - 10*i**2 + 14*i - 8. Let a be d(9). Let f = -19 + a. What is the remainder when f is divided by q(12)?
8
Suppose -3*r - 10 = -2*r. Let o(u) = -u**2 - 12*u + 8. Suppose 13 = 3*q - 17. What is the remainder when o(r) is divided by q?
8
Suppose 0 = 5*v + 4*i - 357, 0 = -v - 0*i + 3*i + 60. Let t = 8 - -10. Calculate the remainder when v is divided by t.
15
Suppose 15 = 2*y - z, 2*z - 60 = -5*y - 3*z. Suppose -3*c - 3*s = -0*s - 102, 75 = 2*c - 5*s. What is the remainder when c is divided by y?
8
Suppose -4*f + 2*s + 52 = -0, 4*f = -4*s + 76. Suppose f = 4*z + 3. Calculate the remainder when 4 is divided by z.
1
Let v(j) = 4*j**2 + 15*j - 3. Calculate the remainder when v(-5) is divided by 5.
2
Let a be (-85)/(-25) + (-2)/5. Suppose -a*y = p - 25, -10 = -0*y - y - 2*p. What is the remainder when y is divided by 5?
3
Let l = 3 + -5. Let j be 1*-12*l/(-3). Let g = j - -15. What is the remainder when 25 is divided by g?
4
Let z(x) = -x**3 - 7*x**2 + 4*x - 10. Suppose -4*a = -a + 24. Calculate the remainder when 107 is divided by z(a).
19
Calculate the remainder when (2 - 7/5) + (-487)/(-5) is divided by 10.
8
Let y be 17 + (1 - -1)/1. What is the remainder when y - 9 - 4/(-2) is divided by 5?
2
Let a(l) = l**3 + 13*l**2 + 11*l - 15. Let p be a(-12). What is the remainder when 32 is divided by (-32)/p + 1/3?
10
Let n be (-108)/2*4/8. Let w = -11 - n. What is the remainder when w is divided by 1/(13/6 - 2)?
4
Let w = -132 - -57. Let s = 124 + w. What is the remainder when s is divided by 17?
15
Let w = -11 + 13. Let u = -1 + 9. Suppose -4*t + 19 = -3*k - w*k, -2*t + u = -2*k. What is the remainder when 3 is divided by t?
0
Let j(k) be the third derivative of -k**5/60 - k**4/3 + k**3/2 - 2*k**2. Calculate the remainder when (-12)/9*(0 - 21) is divided by j(-6).
13
Suppose 5*b + 2*l - 99 = 0, -3*b = -7*b - 2*l + 78. Let r = 35 - b. Suppose 27 = -3*i + 150. Calculate the remainder when i is divided by r.
13
Let v(f) = 5*f**2 + f. Calculate the remainder when 17 is divided by v(-1).
1
Let d(o) = 0 - 3 + 5*o + 0. Suppose -4*q = -11 + 3. What is the remainder when d(q) is divided by 2?
1
Suppose -4*x - 3*v - 178 = -6*x, -2*x + v = -178. Let k(o) = 3 - 9 + 2 + 9*o. What is the remainder when x is divided by k(3)?
20
Let g = 20 - -14. What is the remainder when g is divided by 7?
6
Let b = 23 - 47. Calculate the remainder when (-15)/(-2)*b/(-4) is divided by 16.
13
Let k = -12 + 24. Let i be 1 + 16 - (-3 + 0). What is the remainder when (2/3)/(i/1050) is divided by k?
11
Calculate the remainder when 67*(5 + (-2 - 2)) is divided by 17.
16
Let n(a) = a**2 - a - 6. What is the remainder when 82 is divided by n(5)?
12
Let a(s) = -2*s**3 - 2*s**2 + 3*s + 2. Let z be a(-3). Suppose -3*x - 2*k + 23 + z = 0, 0 = -5*k + 10. What is the remainder when 31 is divided by x?
15
What is the remainder when (-46 + 2)/(4 + -5) is divided by 10?
4
Suppose -2*m + 3 + 7 = 0. Suppose -p - 4*u = -m*p + 188, -71 = -p - 5*u. What is the remainder when p is divided by 13?
12
Let h = 88 + -31. Calculate the remainder when h is divided by 15.
12
Suppose -2*v = 4*g - 18, -4*g = -2*g - 4*v + 6. Let d(w) = w**2 - 3*w + 1. Let x be d(4). Let j(z) = z + 3. Calculate the remainder when j(x) is divided by g.
2
Suppose -26 = -2*t + 4. Let o(j) = 44*j - 1. What is the remainder when o(1) is divided by t?
13
Calculate the remainder when 219 is divided by ((-8)/28)/(4/(-308)).
21
Suppose 3*f - 46 + 376 = 0. Let y = f + 78. Let o = -17 - y. What is the remainder when 29 is divided by o?
14
Let m(a) = -2*a + 1 + a**3 - a + a. Let y be m(2). Suppose y - 39 = -2*h. Calculate the remainder when 33 is divided by h.
16
Suppose 4*i = 3*a - 4 + 21, 0 = -2*a + 2. Suppose 0 = -t - 0*t. Calculate the remainder when i is divided by (1 - t) + 5/5.
1
Let l = 0 - -3. Suppose -6 = -3*q - 0. Suppose -3*f - q*y + 26 = 0, l*f + 5*y - 11 = -0*y. Calculate the remainder when 34 is divided by f.
10
Suppose -20 = -2*o - 4. Suppose 13 = 2*t - 3. Let w = -5 + t. What is the remainder when o is divided by w?
2
Suppose -19 = -2*f - 5. Calculate the remainder when 76 is divided by f.
6
Let r = -46 + 22. Let y = 62 + r. What is the remainder when y is divided by 14?
10
Suppose -m = -5*r + 8, 3*m + 0*m = -4*r + 52. What is the remainder when 45 is divided by m?
9
Let i(j) = -31*j**3 + 2*j**2 - 3*j - 5. What is the remainder when i(-1) is divided by 21?
10
Let x(d) = 2*d**3 + d**2 - 12*d + 5. What is the remainder when 91 is divided by x(3)?
27
Let x = 8 - 5. Let f = 26 + -22. Calculate the remainder when f is divided by x.
1
Suppose 3*r + n - 116 = 0, -n + 153 = 4*r - 1. Calculate the remainder when r is divided by 20.
18
Let n = -8 + 13. Suppose 2*y - 5 = -1. Suppose -5*b - y = -2*d - 1, d - 38 = -5*b. What is the remainder when d is divided by n?
3
Suppose -j - 15 = -4*j. Suppose 3*b = 9 + 69. Suppose 5*v = 3*v + b. What is the remainder when v is divided by j?
3
Suppose -5*r = -3*n - 16, -7 = -5*n + 2*r - 2. What is the remainder when 19 is divided by n?
1
Suppose -5*q - 28 = 7. Let r(l) be the first derivative of -l**2 - 7*l + 1. Calculate the remainder when 12